?
True
Is 872845 a prime number?
False
Is 192316507 a prime number?
True
Is 10356917 composite?
True
Is 40294073 a prime number?
False
Is 25659163 a composite number?
False
Is 100553767 prime?
True
Is 70315177 a composite number?
False
Is 31009883 a composite number?
False
Is 410617 prime?
True
Is 492377 a prime number?
True
Is 334307 a prime number?
False
Is 111949 composite?
False
Is 642403 prime?
True
Is 58599427 prime?
False
Is 15705281 prime?
False
Is 199006153 composite?
True
Is 579461 prime?
False
Is 44653421 composite?
False
Is 1739167 a prime number?
True
Is 3041695 composite?
True
Is 75570949 a prime number?
True
Is 3259253 a composite number?
False
Is 2287141 a composite number?
True
Is 13637123 a prime number?
True
Is 5460577 a composite number?
False
Is 598178411 composite?
True
Is 8427983 a prime number?
False
Is 6929887 a composite number?
False
Is 513803533 a composite number?
False
Is 15860315 composite?
True
Is 12629047 a composite number?
True
Is 269462 a composite number?
True
Is 115179689 a prime number?
False
Is 45577537 a prime number?
True
Is 508901 composite?
False
Is 236761687 a composite number?
False
Is 184851949 a composite number?
False
Is 6208417 prime?
False
Is 198678653 prime?
False
Is 66509603 prime?
True
Is 66751973 a composite number?
False
Is 199479787 a composite number?
True
Is 13192966 a composite number?
True
Is 82929689 a composite number?
True
Is 394589953 a prime number?
True
Is 609907 a prime number?
True
Is 3135953 a composite number?
False
Is 4632337 a composite number?
False
Is 44865881 a prime number?
True
Is 132491057 composite?
False
Is 337259579 a prime number?
True
Is 18086545 prime?
False
Is 11567551 prime?
False
Is 6798395 prime?
False
Is 2494561 a prime number?
True
Is 1004191 a composite number?
True
Is 173737217 prime?
True
Is 2548459 a composite number?
False
Is 35411989 a composite number?
False
Is 254477 a prime number?
False
Is 144929919 composite?
True
Is 175834671 composite?
True
Is 11693167 prime?
True
Is 1570277 a prime number?
False
Is 8652207 a prime number?
False
Is 16698817 a composite number?
False
Is 98202359 composite?
True
Is 11182753 a prime number?
False
Is 42524363 a composite number?
True
Is 75476969 prime?
True
Is 61528133 a composite number?
False
Is 330022265 composite?
True
Is 696719 composite?
False
Is 413394859 a composite number?
True
Is 19486603 composite?
True
Is 29569619 prime?
True
Is 19947979 composite?
False
Is 764183 composite?
True
Is 35911133 a prime number?
True
Is 9984467 prime?
False
Is 25524041 a prime number?
True
Is 52704671 composite?
True
Is 111134359 prime?
False
Is 71521423 a composite number?
False
Is 43251437 composite?
False
Is 15410027 a prime number?
False
Is 15673729 composite?
True
Is 57473833 prime?
False
Is 761149 composite?
True
Is 24732601 composite?
False
Is 38432401 a composite number?
True
Is 83033567 prime?
True
Is 1006051 prime?
False
Is 41800939 prime?
True
Is 55889663 a prime number?
False
Is 16033553 a prime number?
False
Is 10958921 prime?
False
Is 84153697 a composite number?
False
Is 81068381 composite?
False
Is 12574843 composite?
False
Is 74596558 a prime number?
False
Is 60684959 composite?
False
Is 261084781 a prime number?
True
Is 84642895 a composite number?
True
Is 843954193 a prime number?
False
Is 4481819 prime?
True
Is 541889599 a composite number?
True
Is 1412893 a prime number?
True
Is 20517157 a composite number?
False
Is 40527961 a composite number?
False
Is 20716769 prime?
True
Is 22059463 a prime number?
True
Is 55148921 a composite number?
False
Is 276119897 prime?
True
Is 26207015 composite?
True
Is 725307747 prime?
False
Is 176951 a composite number?
False
Is 7222933 a composite number?
True
Is 121818959 composite?
True
Is 182955061 composite?
False
Is 11344427 composite?
False
Is 1229867 prime?
False
Is 41090051 a composite number?
False
Is 824597 composite?
True
Is 25041889 prime?
True
Is 69449 a prime number?
False
Is 79121549 composite?
True
Is 90029617 composite?
False
Is 473009 composite?
False
Is 21381299 composite?
True
Is 34791913 a prime number?
False
Is 129966559 composite?
False
Is 918418 a prime number?
False
Is 34766063 a prime number?
True
Is 6644753 prime?
True
Is 22598867 prime?
True
Is 103060223 composite?
True
Is 351537181 composite?
True
Is 1681867 composite?
True
Is 59496959 prime?
True
Is 275743429 prime?
False
Is 7262483 prime?
True
Is 30592981 a composite number?
True
Is 464159 prime?
False
Is 10356803 composite?
False
Is 1156837 composite?
True
Is 1211279 prime?
True
Is 373487407 a prime number?
False
Is 8956681 a composite number?
False
Is 276746461 composite?
False
Is 654396313 a prime number?
False
Is 5716247 prime?
False
Is 57251 prime?
True
Is 67391893 composite?
True
Is 3716257 prime?
True
Is 4918699 composite?
False
Is 32786023 a composite number?
False
Is 44202277 prime?
False
Is 580971949 composite?
True
Is 7438 a composite number?
True
Is 35003587 a prime number?
True
Is 4735463 a prime number?
False
Is 48823954 a composite number?
True
Is 8603 a composite number?
True
Is 76389869 prime?
True
Is 96544699 composite?
True
Is 297144035 a composite number?
True
Is 70384309 composite?
False
Is 6466037 a prime number?
True
Is 72011087 a composite number?
False
Is 6947371 composite?
True
Is 2858437 prime?
False
Is 692707 a prime number?
True
Is 4648447 a prime number?
True
Is 1283237 prime?
True
Is 5794381 a prime number?
False
Is 2445419 composite?
False
Is 40429801 prime?
True
Is 1061871729 composite?
True
Is 258411 a composite number?
True
Is 30993133 a prime number?
False
Is 12068347 a composite number?
True
Is 643765861 composite?
False
Is 2151881 composite?
True
Is 376051621 a composite number?
True
Is 1141411 a prime number?
False
Is 1910731 composite?
True
Is 34206331 a prime number?
True
Is 43146869 a composite number?
True
Is 22824209 a prime number?
False
Is 280741 a prime number?
False
Is 3628111 a prime number?
True
Is 1160743 prime?
False
Is 34815871 a prime number?
False
Is 63668713 prime?
True
Is 31970041 a composite number?
False
Is 56600437 a composite number?
False
Is 25498349 prime?
True
Is 34854803 composite?
True
Is 188877223 a composite number?
False
Is 2342129 prime?
True
Is 1875523 a prime number?
False
Is 36610547 a composite number?
True
Is 4193869 a prime number?
True
Is 1051623635 a prime number?
False
Is 164012369 composite?
True
Is 98933785 a composite number?
True
Is 26934949 composite?
False
Is 15118589 prime?
False
Is 524591 prime?
True
Is 1329971257 prime?
True
Is 9226549 a composite number?
False
Is 149481893 prime?
False
Is 1813277 a prime number?
True
Is 2651863 a composite number?
True
Is 14292335 a composite number?
True
Is 909829 composite?
False
Is 43797751 a prime number?
False
Is 295426691 prime?
False
Is 369523111 composite?
False
Is 434799859 composite?
True
Is 4302259 a composite number?
True
Is 42421 a prime number?
False
Is 2288189 a prime number?
False
Is 1593731 a prime number?
False
Is 52120817 a composite number?
True
Is 2783839 a prime number?
False
Is 10178359 composite?
True
Is 17332993 a composite number?
False
Is 100813417 a prime number?
False
Is 19788589 a composite number?
True
Is 4334669 composite?
True
Is 498884401 prime?
True
Is 146355451 a prime number?
False
Is 2244713 composite?
True
Is 2795217 a composite number?
True
Is 211597097 composite?
False
Is 998681 a prime number?
True
Is 14749027 a composite number?
False
Is 37721713 prime?
False
Is 86790871 composite?
False
Is 87179497 a composite number?
False
Is 530983 a composite number?
False
Is 100171 prime?
False
Is 88083391 a prime number?
False
Is 41369711 a composite number?
False
Is 8839421 a composite number?
False
Is 660887 prime?
True
Is 8820421 composite?
False
Is 247349339 a composite number?
True
Is 3373091 prime?
True
Is 5786657 prime?
True
Is 20700887 a prime number?
True
Is 212809439 composite?
False
Is 50996393 prime?
False
Is 1226011 prime?
True
Is 13592147 composite?
True
Is 18568397 composite?
True
Is 7713547 a composite number?
False
Is 227956669 prime?
True
Is 28467542 composite?
True
Is 131560391 composite?
True
Is 3217727 a composite number?
False
Is 11915573 composite?
False
Is 7857719 composite?
False
Is 22064429 a composite numb